[INFO] cloning repository https://github.com/btwotwo/procon-reconnect
[INFO] running `Command { std: "git" "-c" "credential.helper=" "-c" "credential.helper=/workspace/cargo-home/bin/git-credential-null" "clone" "--bare" "https://github.com/btwotwo/procon-reconnect" "/workspace/cache/git-repos/https%3A%2F%2Fgithub.com%2Fbtwotwo%2Fprocon-reconnect", kill_on_drop: false }`
[INFO] [stderr] Cloning into bare repository '/workspace/cache/git-repos/https%3A%2F%2Fgithub.com%2Fbtwotwo%2Fprocon-reconnect'...
[INFO] running `Command { std: "git" "rev-parse" "HEAD", kill_on_drop: false }`
[INFO] [stdout] 1266e20ed69fb343909dfeb5e23c3f5b9a2e2f1a
[INFO] checking btwotwo/procon-reconnect against master#9610dfe5a9a731ced1ea4923ecbd0c57fe367898 for beta-170-4
[INFO] running `Command { std: "git" "clone" "/workspace/cache/git-repos/https%3A%2F%2Fgithub.com%2Fbtwotwo%2Fprocon-reconnect" "/workspace/builds/worker-3-tc1/source", kill_on_drop: false }`
[INFO] [stderr] Cloning into '/workspace/builds/worker-3-tc1/source'...
[INFO] [stderr] done.
[INFO] validating manifest of git repo https://github.com/btwotwo/procon-reconnect on toolchain 9610dfe5a9a731ced1ea4923ecbd0c57fe367898
[INFO] running `Command { std: CARGO_HOME="/workspace/cargo-home" RUSTUP_HOME="/workspace/rustup-home" "/workspace/cargo-home/bin/cargo" "+9610dfe5a9a731ced1ea4923ecbd0c57fe367898" "metadata" "--manifest-path" "Cargo.toml" "--no-deps", kill_on_drop: false }`
[INFO] started tweaking git repo https://github.com/btwotwo/procon-reconnect
[INFO] finished tweaking git repo https://github.com/btwotwo/procon-reconnect
[INFO] tweaked toml for git repo https://github.com/btwotwo/procon-reconnect written to /workspace/builds/worker-3-tc1/source/Cargo.toml
[INFO] crate git repo https://github.com/btwotwo/procon-reconnect already has a lockfile, it will not be regenerated
[INFO] running `Command { std: CARGO_HOME="/workspace/cargo-home" RUSTUP_HOME="/workspace/rustup-home" "/workspace/cargo-home/bin/cargo" "+9610dfe5a9a731ced1ea4923ecbd0c57fe367898" "fetch" "--manifest-path" "Cargo.toml", kill_on_drop: false }`
[INFO] [stderr]     Updating crates.io index
[INFO] [stderr]  Downloading crates ...
[INFO] [stderr]   Downloaded serde_json v1.0.63
[INFO] [stderr]   Downloaded promptly v0.1.5
[INFO] running `Command { std: "docker" "create" "-v" "/var/lib/crater-agent-workspace/builds/worker-3-tc1/target:/opt/rustwide/target:rw,Z" "-v" "/var/lib/crater-agent-workspace/builds/worker-3-tc1/source:/opt/rustwide/workdir:ro,Z" "-v" "/var/lib/crater-agent-workspace/cargo-home:/opt/rustwide/cargo-home:ro,Z" "-v" "/var/lib/crater-agent-workspace/rustup-home:/opt/rustwide/rustup-home:ro,Z" "-e" "SOURCE_DIR=/opt/rustwide/workdir" "-e" "CARGO_TARGET_DIR=/opt/rustwide/target" "-e" "CARGO_HOME=/opt/rustwide/cargo-home" "-e" "RUSTUP_HOME=/opt/rustwide/rustup-home" "-w" "/opt/rustwide/workdir" "-m" "1610612736" "--user" "0:0" "--network" "none" "ghcr.io/rust-lang/crates-build-env/linux@sha256:19e73879b68f455e41552ea35293514db52ea292d993f571636dbffedb77a1ee" "/opt/rustwide/cargo-home/bin/cargo" "+9610dfe5a9a731ced1ea4923ecbd0c57fe367898" "metadata" "--no-deps" "--format-version=1", kill_on_drop: false }`
[INFO] [stdout] 1f06868aa35fdc9bd7e0b281e8804a35da84dd76dc2f4c04c00d61d383299d97
[INFO] running `Command { std: "docker" "start" "-a" "1f06868aa35fdc9bd7e0b281e8804a35da84dd76dc2f4c04c00d61d383299d97", kill_on_drop: false }`
[INFO] running `Command { std: "docker" "inspect" "1f06868aa35fdc9bd7e0b281e8804a35da84dd76dc2f4c04c00d61d383299d97", kill_on_drop: false }`
[INFO] running `Command { std: "docker" "rm" "-f" "1f06868aa35fdc9bd7e0b281e8804a35da84dd76dc2f4c04c00d61d383299d97", kill_on_drop: false }`
[INFO] [stdout] 1f06868aa35fdc9bd7e0b281e8804a35da84dd76dc2f4c04c00d61d383299d97
[INFO] running `Command { std: "docker" "create" "-v" "/var/lib/crater-agent-workspace/builds/worker-3-tc1/target:/opt/rustwide/target:rw,Z" "-v" "/var/lib/crater-agent-workspace/builds/worker-3-tc1/source:/opt/rustwide/workdir:ro,Z" "-v" "/var/lib/crater-agent-workspace/cargo-home:/opt/rustwide/cargo-home:ro,Z" "-v" "/var/lib/crater-agent-workspace/rustup-home:/opt/rustwide/rustup-home:ro,Z" "-e" "SOURCE_DIR=/opt/rustwide/workdir" "-e" "CARGO_TARGET_DIR=/opt/rustwide/target" "-e" "CARGO_INCREMENTAL=0" "-e" "RUST_BACKTRACE=full" "-e" "RUSTFLAGS=--cap-lints=forbid" "-e" "RUSTDOCFLAGS=--cap-lints=forbid" "-e" "CARGO_HOME=/opt/rustwide/cargo-home" "-e" "RUSTUP_HOME=/opt/rustwide/rustup-home" "-w" "/opt/rustwide/workdir" "-m" "1610612736" "--user" "0:0" "--network" "none" "ghcr.io/rust-lang/crates-build-env/linux@sha256:19e73879b68f455e41552ea35293514db52ea292d993f571636dbffedb77a1ee" "/opt/rustwide/cargo-home/bin/cargo" "+9610dfe5a9a731ced1ea4923ecbd0c57fe367898" "check" "--frozen" "--all" "--all-targets" "--message-format=json", kill_on_drop: false }`
[INFO] [stdout] bc647149f6b36503fe6d486b03f0c37f6f708bae373b849865d9de3626da42be
[INFO] running `Command { std: "docker" "start" "-a" "bc647149f6b36503fe6d486b03f0c37f6f708bae373b849865d9de3626da42be", kill_on_drop: false }`
[INFO] [stderr]    Compiling proc-macro2 v1.0.24
[INFO] [stderr]    Compiling libc v0.2.86
[INFO] [stderr]    Compiling syn v1.0.60
[INFO] [stderr]    Compiling serde_derive v1.0.123
[INFO] [stderr]    Compiling winapi v0.3.9
[INFO] [stderr]    Compiling serde v1.0.123
[INFO] [stderr]     Checking bitflags v0.4.0
[INFO] [stderr]     Checking encode_unicode v0.1.3
[INFO] [stderr]    Compiling serde_json v1.0.63
[INFO] [stderr]     Checking itoa v0.4.7
[INFO] [stderr]     Checking widestring v0.4.3
[INFO] [stderr]     Checking winapi_bluetooth v0.1.0 (/opt/rustwide/workdir/winapi_bluetooth)
[INFO] [stdout] error[E0433]: failed to resolve: could not find `shared` in `winapi`
[INFO] [stdout]  --> winapi_bluetooth/src/winapi_imports.rs:1:17
[INFO] [stdout]   |
[INFO] [stdout] 1 | pub use winapi::shared::minwindef::{DWORD, FALSE, TRUE};
[INFO] [stdout]   |                 ^^^^^^ could not find `shared` in `winapi`
[INFO] [stdout] 
[INFO] [stdout] 
[INFO] [stdout] error[E0433]: failed to resolve: could not find `um` in `winapi`
[INFO] [stdout]  --> winapi_bluetooth/src/winapi_imports.rs:2:17
[INFO] [stdout]   |
[INFO] [stdout] 2 | pub use winapi::um::winnt::HANDLE;
[INFO] [stdout]   |                 ^^ could not find `um` in `winapi`
[INFO] [stdout] 
[INFO] [stdout] 
[INFO] [stdout] error[E0433]: failed to resolve: could not find `shared` in `winapi`
[INFO] [stdout]  --> winapi_bluetooth/src/winapi_imports.rs:4:17
[INFO] [stdout]   |
[INFO] [stdout] 4 | pub use winapi::shared::guiddef::{GUID};
[INFO] [stdout]   |                 ^^^^^^ could not find `shared` in `winapi`
[INFO] [stdout] 
[INFO] [stdout] 
[INFO] [stdout] error[E0433]: failed to resolve: could not find `shared` in `winapi`
[INFO] [stdout]  --> winapi_bluetooth/src/winapi_imports.rs:6:17
[INFO] [stdout]   |
[INFO] [stdout] 6 | pub use winapi::shared::winerror::{
[INFO] [stdout]   |                 ^^^^^^ could not find `shared` in `winapi`
[INFO] [stdout] 
[INFO] [stdout] 
[INFO] [stdout] error[E0433]: failed to resolve: could not find `shared` in `winapi`
[INFO] [stdout]  --> winapi_bluetooth/src/radio.rs:1:13
[INFO] [stdout]   |
[INFO] [stdout] 1 | use winapi::shared::ntdef::NULL;
[INFO] [stdout]   |             ^^^^^^ could not find `shared` in `winapi`
[INFO] [stdout] 
[INFO] [stdout] 
[INFO] [stdout] error[E0433]: failed to resolve: could not find `um` in `winapi`
[INFO] [stdout]  --> winapi_bluetooth/src/radio.rs:4:13
[INFO] [stdout]   |
[INFO] [stdout] 4 | use winapi::um::bluetoothapis::{HBLUETOOTH_RADIO_FIND, BLUETOOTH_RADIO_INFO};
[INFO] [stdout]   |             ^^ could not find `um` in `winapi`
[INFO] [stdout] 
[INFO] [stdout] 
[INFO] [stdout] error[E0433]: failed to resolve: could not find `windows` in `os`
[INFO] [stdout]  --> winapi_bluetooth/src/radio.rs:8:14
[INFO] [stdout]   |
[INFO] [stdout] 8 | use std::os::windows::ffi::OsStringExt;
[INFO] [stdout]   |              ^^^^^^^ could not find `windows` in `os`
[INFO] [stdout] 
[INFO] [stdout] 
[INFO] [stdout] error[E0433]: failed to resolve: could not find `um` in `winapi`
[INFO] [stdout]   --> winapi_bluetooth/src/radio.rs:31:21
[INFO] [stdout]    |
[INFO] [stdout] 31 |         use winapi::um::bluetoothapis::BluetoothGetRadioInfo;
[INFO] [stdout]    |                     ^^ could not find `um` in `winapi`
[INFO] [stdout] 
[INFO] [stdout] 
[INFO] [stdout] error[E0433]: failed to resolve: could not find `um` in `winapi`
[INFO] [stdout]   --> winapi_bluetooth/src/radio.rs:48:21
[INFO] [stdout]    |
[INFO] [stdout] 48 |         use winapi::um::handleapi::CloseHandle;
[INFO] [stdout]    |                     ^^ could not find `um` in `winapi`
[INFO] [stdout] 
[INFO] [stdout] 
[INFO] [stdout] error[E0433]: failed to resolve: could not find `um` in `winapi`
[INFO] [stdout]   --> winapi_bluetooth/src/radio.rs:96:21
[INFO] [stdout]    |
[INFO] [stdout] 96 |         use winapi::um::bluetoothapis::{BluetoothFindFirstRadio, BLUETOOTH_FIND_RADIO_PARAMS};
[INFO] [stdout]    |                     ^^ could not find `um` in `winapi`
[INFO] [stdout] 
[INFO] [stdout] 
[INFO] [stdout] error[E0433]: failed to resolve: could not find `um` in `winapi`
[INFO] [stdout]    --> winapi_bluetooth/src/radio.rs:120:21
[INFO] [stdout]     |
[INFO] [stdout] 120 |         use winapi::um::bluetoothapis::BluetoothFindNextRadio;
[INFO] [stdout]     |                     ^^ could not find `um` in `winapi`
[INFO] [stdout] 
[INFO] [stdout] 
[INFO] [stdout] error[E0433]: failed to resolve: could not find `um` in `winapi`
[INFO] [stdout]    --> winapi_bluetooth/src/radio.rs:154:21
[INFO] [stdout]     |
[INFO] [stdout] 154 |         use winapi::um::bluetoothapis::BluetoothFindRadioClose;
[INFO] [stdout]     |                     ^^ could not find `um` in `winapi`
[INFO] [stdout] 
[INFO] [stdout] 
[INFO] [stdout] error[E0433]: failed to resolve: could not find `um` in `winapi`
[INFO] [stdout]  --> winapi_bluetooth/src/device.rs:3:13
[INFO] [stdout]   |
[INFO] [stdout] 3 | use winapi::um::bluetoothapis::{BLUETOOTH_DEVICE_INFO, BLUETOOTH_DEVICE_SEARCH_PARAMS, HBLUETOOTH_DEVICE_FIND};
[INFO] [stdout]   |             ^^ could not find `um` in `winapi`
[INFO] [stdout] 
[INFO] [stdout] 
[INFO] [stdout] error[E0433]: failed to resolve: could not find `windows` in `os`
[INFO] [stdout]  --> winapi_bluetooth/src/device.rs:5:14
[INFO] [stdout]   |
[INFO] [stdout] 5 | use std::os::windows::ffi::OsStringExt;
[INFO] [stdout]   |              ^^^^^^^ could not find `windows` in `os`
[INFO] [stdout] 
[INFO] [stdout] 
[INFO] [stdout] error[E0433]: failed to resolve: could not find `um` in `winapi`
[INFO] [stdout]    --> winapi_bluetooth/src/device.rs:195:21
[INFO] [stdout]     |
[INFO] [stdout] 195 |         use winapi::um::bluetoothapis::BluetoothFindFirstDevice;
[INFO] [stdout]     |                     ^^ could not find `um` in `winapi`
[INFO] [stdout] 
[INFO] [stdout] 
[INFO] [stdout] error[E0433]: failed to resolve: could not find `um` in `winapi`
[INFO] [stdout]    --> winapi_bluetooth/src/device.rs:214:21
[INFO] [stdout]     |
[INFO] [stdout] 214 |         use winapi::um::bluetoothapis::{BluetoothFindNextDevice};
[INFO] [stdout]     |                     ^^ could not find `um` in `winapi`
[INFO] [stdout] 
[INFO] [stdout] 
[INFO] [stdout] error[E0433]: failed to resolve: could not find `um` in `winapi`
[INFO] [stdout]    --> winapi_bluetooth/src/device.rs:249:21
[INFO] [stdout]     |
[INFO] [stdout] 249 |         use winapi::um::bluetoothapis::BluetoothFindDeviceClose;
[INFO] [stdout]     |                     ^^ could not find `um` in `winapi`
[INFO] [stdout] 
[INFO] [stdout] 
[INFO] [stdout] error[E0432]: unresolved imports `winapi::um`, `bluetoothapis::BLUETOOTH_SERVICE_ENABLE`, `bluetoothapis::BluetoothSetServiceState`
[INFO] [stdout]    --> winapi_bluetooth/src/winapi_imports.rs:3:17
[INFO] [stdout]     |
[INFO] [stdout] 3   | pub use winapi::um::bluetoothapis;
[INFO] [stdout]     |                 ^^ could not find `um` in `winapi`
[INFO] [stdout]     |
[INFO] [stdout]    ::: winapi_bluetooth/src/device.rs:152:29
[INFO] [stdout]     |
[INFO] [stdout] 152 |         use bluetoothapis::{BLUETOOTH_SERVICE_ENABLE, BluetoothSetServiceState};
[INFO] [stdout]     |                             ^^^^^^^^^^^^^^^^^^^^^^^^  ^^^^^^^^^^^^^^^^^^^^^^^^
[INFO] [stdout] 
[INFO] [stdout] 
[INFO] [stdout] error[E0433]: failed to resolve: could not find `shared` in `winapi`
[INFO] [stdout]   --> winapi_bluetooth/src/winapi_imports.rs:11:46
[INFO] [stdout]    |
[INFO] [stdout] 11 | pub const ERROR_NO_MORE_ITEMS: i32 = winapi::shared::winerror::ERROR_NO_MORE_ITEMS as i32;
[INFO] [stdout]    |                                              ^^^^^^ could not find `shared` in `winapi`
[INFO] [stdout] 
[INFO] [stdout] 
[INFO] [stdout] error[E0599]: no function or associated item named `from_wide` found for struct `OsString` in the current scope
[INFO] [stdout]   --> winapi_bluetooth/src/radio.rs:16:19
[INFO] [stdout]    |
[INFO] [stdout] 16 |         OsString::from_wide(&self.0.szName)
[INFO] [stdout]    |                   ^^^^^^^^^ function or associated item not found in `OsString`
[INFO] [stdout] 
[INFO] [stdout] 
[INFO] [stdout] error[E0599]: no function or associated item named `from_wide` found for struct `OsString` in the current scope
[INFO] [stdout]   --> winapi_bluetooth/src/device.rs:88:19
[INFO] [stdout]    |
[INFO] [stdout] 88 |         OsString::from_wide(&self.0.szName)
[INFO] [stdout]    |                   ^^^^^^^^^ function or associated item not found in `OsString`
[INFO] [stdout] 
[INFO] [stdout] 
[INFO] [stdout] warning: unused import: `std::convert::TryInto`
[INFO] [stdout]    --> winapi_bluetooth/src/device.rs:114:13
[INFO] [stdout]     |
[INFO] [stdout] 114 |         use std::convert::TryInto;
[INFO] [stdout]     |             ^^^^^^^^^^^^^^^^^^^^^
[INFO] [stdout]     |
[INFO] [stdout]     = note: `#[warn(unused_imports)]` on by default
[INFO] [stdout] 
[INFO] [stdout] 
[INFO] [stdout] error: aborting due to 21 previous errors; 1 warning emitted
[INFO] [stdout] 
[INFO] [stdout] 
[INFO] [stdout] Some errors have detailed explanations: E0432, E0433, E0599.
[INFO] [stdout] 
[INFO] [stdout] For more information about an error, try `rustc --explain E0432`.
[INFO] [stdout] 
[INFO] [stderr] error: could not compile `winapi_bluetooth` (lib) due to 22 previous errors; 1 warning emitted
[INFO] [stderr] warning: build failed, waiting for other jobs to finish...
[INFO] running `Command { std: "docker" "inspect" "bc647149f6b36503fe6d486b03f0c37f6f708bae373b849865d9de3626da42be", kill_on_drop: false }`
[INFO] running `Command { std: "docker" "rm" "-f" "bc647149f6b36503fe6d486b03f0c37f6f708bae373b849865d9de3626da42be", kill_on_drop: false }`
[INFO] [stdout] bc647149f6b36503fe6d486b03f0c37f6f708bae373b849865d9de3626da42be
